{"id":29,"date":"2023-08-27T19:57:43","date_gmt":"2023-08-27T16:57:43","guid":{"rendered":"https:\/\/lumierelektrik.com\/?page_id=29"},"modified":"2023-09-22T14:32:53","modified_gmt":"2023-09-22T11:32:53","slug":"hakkimizda","status":"publish","type":"page","link":"https:\/\/lumierelektrik.com\/index.php\/hakkimizda\/","title":{"rendered":"Hakk\u0131m\u0131zda"},"content":{"rendered":"\t\t<div data-elementor-type=\"wp-page\" data-elementor-id=\"29\" class=\"elementor elementor-29\">\n\t\t\t\t\t\t<section class=\"elementor-section elementor-top-section elementor-element elementor-element-2a6a58bd elementor-section-content-middle elementor-section-boxed elementor-section-height-default elementor-section-height-default\" data-id=\"2a6a58bd\" data-element_type=\"section\">\n\t\t\t\t\t\t<div class=\"elementor-container elementor-column-gap-no\">\n\t\t\t\t\t<div class=\"elementor-column elementor-col-50 elementor-top-column elementor-element elementor-element-6752da90\" data-id=\"6752da90\" data-element_type=\"column\">\n\t\t\t<div class=\"elementor-widget-wrap elementor-element-populated\">\n\t\t\t\t\t\t<div class=\"elementor-element elementor-element-ffe44cd elementor-widget elementor-widget-image\" data-id=\"ffe44cd\" data-element_type=\"widget\" data-widget_type=\"image.default\">\n\t\t\t\t<div class=\"elementor-widget-container\">\n\t\t\t\t\t\t\t\t\t\t\t\t\t\t\t<img fetchpriority=\"high\" decoding=\"async\" width=\"800\" height=\"209\" src=\"https:\/\/lumierelektrik.com\/wp-content\/uploads\/2023\/09\/logo-yatay-1-1024x268.png\" class=\"attachment-large size-large wp-image-38\" alt=\"\" srcset=\"https:\/\/lumierelektrik.com\/wp-content\/uploads\/2023\/09\/logo-yatay-1-1024x268.png 1024w, https:\/\/lumierelektrik.com\/wp-content\/uploads\/2023\/09\/logo-yatay-1-300x78.png 300w, https:\/\/lumierelektrik.com\/wp-content\/uploads\/2023\/09\/logo-yatay-1-768x201.png 768w, https:\/\/lumierelektrik.com\/wp-content\/uploads\/2023\/09\/logo-yatay-1-1536x401.png 1536w, https:\/\/lumierelektrik.com\/wp-content\/uploads\/2023\/09\/logo-yatay-1-2048x535.png 2048w\" sizes=\"(max-width: 800px) 100vw, 800px\" \/>\t\t\t\t\t\t\t\t\t\t\t\t\t\t\t<\/div>\n\t\t\t\t<\/div>\n\t\t\t\t<div class=\"elementor-element elementor-element-328f3eb elementor-widget-divider--view-line elementor-widget elementor-widget-divider\" data-id=\"328f3eb\" data-element_type=\"widget\" data-widget_type=\"divider.default\">\n\t\t\t\t<div class=\"elementor-widget-container\">\n\t\t\t\t\t\t\t<div class=\"elementor-divider\">\n\t\t\t<span class=\"elementor-divider-separator\">\n\t\t\t\t\t\t<\/span>\n\t\t<\/div>\n\t\t\t\t\t\t<\/div>\n\t\t\t\t<\/div>\n\t\t\t\t<div class=\"elementor-element elementor-element-6906df6f elementor-widget elementor-widget-heading\" data-id=\"6906df6f\" data-element_type=\"widget\" data-widget_type=\"heading.default\">\n\t\t\t\t<div class=\"elementor-widget-container\">\n\t\t\t\t\t<h4 class=\"elementor-heading-title elementor-size-default\">Hakk\u0131m\u0131zda<\/h4>\t\t\t\t<\/div>\n\t\t\t\t<\/div>\n\t\t\t\t\t<\/div>\n\t\t<\/div>\n\t\t\t\t<div class=\"elementor-column elementor-col-50 elementor-top-column elementor-element elementor-element-719e8b6b\" data-id=\"719e8b6b\" data-element_type=\"column\">\n\t\t\t<div class=\"elementor-widget-wrap elementor-element-populated\">\n\t\t\t\t\t\t<div class=\"elementor-element elementor-element-74d43258 elementor-widget__width-initial elementor-widget elementor-widget-text-editor\" data-id=\"74d43258\" data-element_type=\"widget\" data-widget_type=\"text-editor.default\">\n\t\t\t\t<div class=\"elementor-widget-container\">\n\t\t\t\t\t\t\t\t\t<p>Yeni bin y\u0131lda teknoloji d\u00fcnyas\u0131 h\u0131zla geli\u015fmekte, ya\u015fam\u0131n her alan\u0131ndaki bu olumlu geli\u015fmeler \u015fimdiye kadar yapt\u0131klar\u0131m\u0131z\u0131n yeterlili\u011fini bizlere her g\u00fcn sorgulamakta ve yeni beklentilerle kar\u015f\u0131la\u015fmaktay\u0131z. Bu ba\u015f d\u00f6nd\u00fcr\u00fcc\u00fc teknolojik ilerlemeleri sekt\u00f6rel i\u015f birlikler ile \u015firket alt\u0131nda benzeri geli\u015fmelere izleyici kalmak yerine, i\u00e7inde yer almaya \u00e7oktan karar vermi\u015f olan LUM\u0130ERE Elektrik M\u00fchendislik faaliyet g\u00f6sterdi\u011fi ve g\u00f6sterece\u011fi her alanda 2012 y\u0131l\u0131ndan bu yana kazand\u0131\u011f\u0131 deneyim ve bilgi birikim ile profesyonel hizmet anlay\u0131\u015f\u0131n\u0131 gelecek y\u0131llara da ta\u015f\u0131yacakt\u0131r.<\/p><p>Proje-Taahh\u00fcd\u00fc yap\u0131lan her i\u015fin t\u00fcm a\u015famalar\u0131nda ve i\u015f sonras\u0131nda, sat\u0131\u015f\u0131 yap\u0131lan her malzemenin kullan\u0131m\u0131 ve sonras\u0131nda m\u00fc\u015fteri memnuniyetinin devaml\u0131l\u0131\u011f\u0131n\u0131 sa\u011flamakt\u0131r. Uygulama i\u015flerinin tamam\u0131 deneyimli \u015fantiye ekiplerimiz taraf\u0131ndan y\u00fcr\u00fct\u00fclmektedir.<\/p><p>\u015eirketin \u015fantiye ko\u015fullar\u0131nda yemek, bar\u0131nma, ileti\u015fim, ula\u015f\u0131m gibi ihtiya\u00e7lar\u0131 kar\u015f\u0131lamak \u00fczere gerekebilecek her t\u00fcrl\u00fc ekipman ve donan\u0131m\u0131 mevcuttur. Firmalar\u0131m\u0131z\u0131n t\u00fcm uygulama ekiplerini ayn\u0131 anda ve eksiksiz bir bi\u00e7imde destekleyebilecek mekanik ve elektrikli ara\u00e7 gere\u00e7 donan\u0131m\u0131 mevcuttur.<\/p><p>Tecr\u00fcbeli kadromuz, hayal g\u00fcc\u00fcm\u00fcz ve sizlerin de bize olan g\u00fcveniyle, bir enerji \u00e7a\u011f atlamas\u0131 i\u00e7in hep birlikte \u00e7al\u0131\u015f\u0131yor, huzur ve g\u00fcven ilkesini ya\u015fam alanlar\u0131na ta\u015f\u0131yoruz.<\/p>\t\t\t\t\t\t\t\t<\/div>\n\t\t\t\t<\/div>\n\t\t\t\t\t<\/div>\n\t\t<\/div>\n\t\t\t\t\t<\/div>\n\t\t<\/section>\n\t\t\t\t<section class=\"elementor-section elementor-top-section elementor-element elementor-element-42b8c4c elementor-section-content-middle elementor-section-boxed elementor-section-height-default elementor-section-height-default\" data-id=\"42b8c4c\" data-element_type=\"section\">\n\t\t\t\t\t\t<div class=\"elementor-container elementor-column-gap-no\">\n\t\t\t\t\t<div class=\"elementor-column elementor-col-50 elementor-top-column elementor-element elementor-element-10ad1e2\" data-id=\"10ad1e2\" data-element_type=\"column\">\n\t\t\t<div class=\"elementor-widget-wrap elementor-element-populated\">\n\t\t\t\t\t\t<div class=\"elementor-element elementor-element-ff2f600 elementor-widget-divider--view-line elementor-widget elementor-widget-divider\" data-id=\"ff2f600\" data-element_type=\"widget\" data-widget_type=\"divider.default\">\n\t\t\t\t<div class=\"elementor-widget-container\">\n\t\t\t\t\t\t\t<div class=\"elementor-divider\">\n\t\t\t<span class=\"elementor-divider-separator\">\n\t\t\t\t\t\t<\/span>\n\t\t<\/div>\n\t\t\t\t\t\t<\/div>\n\t\t\t\t<\/div>\n\t\t\t\t<div class=\"elementor-element elementor-element-d582558 elementor-widget elementor-widget-heading\" data-id=\"d582558\" data-element_type=\"widget\" data-widget_type=\"heading.default\">\n\t\t\t\t<div class=\"elementor-widget-container\">\n\t\t\t\t\t<h4 class=\"elementor-heading-title elementor-size-default\">V\u0130ZYONUMUZ<\/h4>\t\t\t\t<\/div>\n\t\t\t\t<\/div>\n\t\t\t\t\t<\/div>\n\t\t<\/div>\n\t\t\t\t<div class=\"elementor-column elementor-col-50 elementor-top-column elementor-element elementor-element-02c12c5\" data-id=\"02c12c5\" data-element_type=\"column\">\n\t\t\t<div class=\"elementor-widget-wrap elementor-element-populated\">\n\t\t\t\t\t\t<div class=\"elementor-element elementor-element-48cfb13 elementor-widget__width-initial elementor-widget elementor-widget-text-editor\" data-id=\"48cfb13\" data-element_type=\"widget\" data-widget_type=\"text-editor.default\">\n\t\t\t\t<div class=\"elementor-widget-container\">\n\t\t\t\t\t\t\t\t\t<p>Daima \u00fcreten, geli\u015ftiren ve geli\u015fen bir kurum olarak, T\u00fcrkiye ve \u00e7evresinde lider firma olmak i\u00e7in istikrarl\u0131 bir \u015fekilde \u00e7al\u0131\u015f\u0131yoruz. Amac\u0131m\u0131z; \u00e7a\u011fda\u015f bir \u015fehir i\u00e7in, geli\u015fmeleri yak\u0131ndan takip ederek daima yenilik\u00e7i yap\u0131lara enerji \u00a0\u00fcretmektir. M\u00fc\u015fteri ihtiya\u00e7lar\u0131na \u00e7\u00f6z\u00fcm bulmak ve onlar\u0131n ya\u015fam standartlar\u0131n\u0131 y\u00fckseltecek yarat\u0131c\u0131 fikirler sunmak i\u00e7in lider kadromuz ile hayallerinizi ayd\u0131nlatmaya devam ediyoruz.\u00a0<\/p>\t\t\t\t\t\t\t\t<\/div>\n\t\t\t\t<\/div>\n\t\t\t\t\t<\/div>\n\t\t<\/div>\n\t\t\t\t\t<\/div>\n\t\t<\/section>\n\t\t\t\t<section class=\"elementor-section elementor-top-section elementor-element elementor-element-86319a0 elementor-section-content-middle elementor-section-boxed elementor-section-height-default elementor-section-height-default\" data-id=\"86319a0\" data-element_type=\"section\">\n\t\t\t\t\t\t<div class=\"elementor-container elementor-column-gap-no\">\n\t\t\t\t\t<div class=\"elementor-column elementor-col-50 elementor-top-column elementor-element elementor-element-45da921\" data-id=\"45da921\" data-element_type=\"column\">\n\t\t\t<div class=\"elementor-widget-wrap elementor-element-populated\">\n\t\t\t\t\t\t<div class=\"elementor-element elementor-element-e728004 elementor-widget-divider--view-line elementor-widget elementor-widget-divider\" data-id=\"e728004\" data-element_type=\"widget\" data-widget_type=\"divider.default\">\n\t\t\t\t<div class=\"elementor-widget-container\">\n\t\t\t\t\t\t\t<div class=\"elementor-divider\">\n\t\t\t<span class=\"elementor-divider-separator\">\n\t\t\t\t\t\t<\/span>\n\t\t<\/div>\n\t\t\t\t\t\t<\/div>\n\t\t\t\t<\/div>\n\t\t\t\t<div class=\"elementor-element elementor-element-3e727d3 elementor-widget elementor-widget-heading\" data-id=\"3e727d3\" data-element_type=\"widget\" data-widget_type=\"heading.default\">\n\t\t\t\t<div class=\"elementor-widget-container\">\n\t\t\t\t\t<h4 class=\"elementor-heading-title elementor-size-default\">M\u0130SYONUMUZ<\/h4>\t\t\t\t<\/div>\n\t\t\t\t<\/div>\n\t\t\t\t\t<\/div>\n\t\t<\/div>\n\t\t\t\t<div class=\"elementor-column elementor-col-50 elementor-top-column elementor-element elementor-element-6c107d6\" data-id=\"6c107d6\" data-element_type=\"column\">\n\t\t\t<div class=\"elementor-widget-wrap elementor-element-populated\">\n\t\t\t\t\t\t<div class=\"elementor-element elementor-element-42f52a2 elementor-widget__width-initial elementor-widget elementor-widget-text-editor\" data-id=\"42f52a2\" data-element_type=\"widget\" data-widget_type=\"text-editor.default\">\n\t\t\t\t<div class=\"elementor-widget-container\">\n\t\t\t\t\t\t\t\t\t<p style=\"background: white; margin: 0cm 0cm 15.6pt 0cm;\"><span style=\"font-family: Roboto; color: black; background: white;\">\u201cG\u00fclery\u00fczl\u00fc hizmet ve Sekt\u00f6rde \u00f6nc\u00fc rol\u00fc \u00fcstlenerek edindi\u011fimiz tecr\u00fcbeyi t\u00fcm kalitesi ve m\u00fc\u015fteri odakl\u0131 yakla\u015f\u0131mla m\u00fc\u015fterilerimize sunmakt\u0131r\u201d. Bu misyonu ger\u00e7ekle\u015ftirebilmek i\u00e7in hedeflerimiz: Karl\u0131l\u0131k, verimlilik ve etkinlik esaslar\u0131 \u00e7er\u00e7evesinde d\u00fcnya ile rekabet edebilecek (hizmet, \u00fcr\u00fcn kalitesi) ve standardizasyonuna ula\u015fmak, etkin ve verimli kaynak y\u00f6netimi i\u00e7in s\u00fcrekli iyile\u015ftirme faaliyetlerini s\u00fcrd\u00fcrmek, \u00fclke i\u00e7inde ve d\u0131\u015f\u0131nda \u00fcretim alt yap\u0131s\u0131yla uyumlu pazarlama stratejisi ve politikalar\u0131 tespit etmek ve uygulamakt\u0131r. Ba\u015far\u0131s\u0131n\u0131 m\u00fc\u015fteri memnuniyeti ile \u00f6l\u00e7en, m\u00fc\u015fteri ihtiya\u00e7lar\u0131na h\u0131zl\u0131, etkin ve kaliteli \u00e7\u00f6z\u00fcmler \u00fcretebilen bir firma olmakt\u0131r.<\/span><\/p>\t\t\t\t\t\t\t\t<\/div>\n\t\t\t\t<\/div>\n\t\t\t\t\t<\/div>\n\t\t<\/div>\n\t\t\t\t\t<\/div>\n\t\t<\/section>\n\t\t\t\t<\/div>\n\t\t","protected":false},"excerpt":{"rendered":"<p>Hakk\u0131m\u0131zda Yeni bin y\u0131lda teknoloji d\u00fcnyas\u0131 h\u0131zla geli\u015fmekte, ya\u015fam\u0131n her alan\u0131ndaki bu olumlu geli\u015fmeler \u015fimdiye kadar yapt\u0131klar\u0131m\u0131z\u0131n yeterlili\u011fini bizlere her g\u00fcn sorgulamakta ve yeni beklentilerle kar\u015f\u0131la\u015fmaktay\u0131z. Bu ba\u015f d\u00f6nd\u00fcr\u00fcc\u00fc teknolojik ilerlemeleri sekt\u00f6rel i\u015f birlikler ile \u015firket alt\u0131nda benzeri geli\u015fmelere izleyici kalmak yerine, i\u00e7inde yer almaya \u00e7oktan karar vermi\u015f olan LUM\u0130ERE Elektrik M\u00fchendislik faaliyet g\u00f6sterdi\u011fi ve [&hellip;]<\/p>\n","protected":false},"author":1,"featured_media":0,"parent":0,"menu_order":0,"comment_status":"closed","ping_status":"closed","template":"","meta":{"footnotes":""},"class_list":["post-29","page","type-page","status-publish","hentry"],"_links":{"self":[{"href":"https:\/\/lumierelektrik.com\/index.php\/wp-json\/wp\/v2\/pages\/29","targetHints":{"allow":["GET"]}}],"collection":[{"href":"https:\/\/lumierelektrik.com\/index.php\/wp-json\/wp\/v2\/pages"}],"about":[{"href":"https:\/\/lumierelektrik.com\/index.php\/wp-json\/wp\/v2\/types\/page"}],"author":[{"embeddable":true,"href":"https:\/\/lumierelektrik.com\/index.php\/wp-json\/wp\/v2\/users\/1"}],"replies":[{"embeddable":true,"href":"https:\/\/lumierelektrik.com\/index.php\/wp-json\/wp\/v2\/comments?post=29"}],"version-history":[{"count":13,"href":"https:\/\/lumierelektrik.com\/index.php\/wp-json\/wp\/v2\/pages\/29\/revisions"}],"predecessor-version":[{"id":124,"href":"https:\/\/lumierelektrik.com\/index.php\/wp-json\/wp\/v2\/pages\/29\/revisions\/124"}],"wp:attachment":[{"href":"https:\/\/lumierelektrik.com\/index.php\/wp-json\/wp\/v2\/media?parent=29"}],"curies":[{"name":"wp","href":"https:\/\/api.w.org\/{rel}","templated":true}]}}